2?
True
Does 4 divide 428?
True
Is 100 a factor of 7500?
True
Is 47088 a multiple of 54?
True
Is 997 a multiple of 65?
False
Does 21 divide 7077?
True
Is 11357 a multiple of 77?
False
Is 1754 a multiple of 26?
False
Is 9782 a multiple of 134?
True
Is 7633 a multiple of 23?
False
Is 509 a multiple of 27?
False
Is 10 a factor of 60?
True
Is 12 a factor of 7484?
False
Is 20 a factor of 9685?
False
Is 16 a factor of 1021?
False
Does 13 divide 1872?
True
Does 6 divide 226?
False
Does 32 divide 10400?
True
Is 1987 a multiple of 12?
False
Is 438 even?
True
Is 36 a factor of 4706?
False
Does 160 divide 2796?
False
Does 6 divide 84?
True
Does 23 divide 1265?
True
Does 138 divide 8556?
True
Is 3 a factor of 278?
False
Does 23 divide 660?
False
Is 21 a factor of 88?
False
Is 6 a factor of 810?
True
Does 13 divide 2483?
True
Does 8 divide 62279?
False
Does 23 divide 10957?
False
Does 4 divide 6424?
True
Is 1485 a multiple of 33?
True
Is 1800 a multiple of 8?
True
Is 446 even?
True
Is 5 a factor of 440?
True
Does 22 divide 1760?
True
Is 23 a factor of 101?
False
Does 11 divide 3244?
False
Does 24 divide 1848?
True
Is 2565 a multiple of 95?
True
Is 203 a factor of 20300?
True
Is 5746 a multiple of 34?
True
Is 1092 a multiple of 26?
True
Does 25 divide 5150?
True
Is 14 a factor of 1862?
True
Does 284 divide 33512?
True
Is 81 a factor of 891?
True
Does 23 divide 1334?
True
Is 11 a factor of 12375?
True
Does 31 divide 2046?
True
Does 16 divide 504?
False
Does 3 divide 1621?
False
Is 3198 a multiple of 41?
True
Is 39 a factor of 18018?
True
Is 19 a factor of 2128?
True
Is 201 a factor of 135876?
True
Is 31 a factor of 31930?
True
Does 5 divide 236?
False
Does 15 divide 2295?
True
Is 14 a factor of 3565?
False
Is 15 a factor of 2715?
True
Is 4804 a multiple of 9?
False
Does 7 divide 284?
False
Does 52 divide 5984?
False
Is 1485 a multiple of 2?
False
Does 14 divide 4466?
True
Is 7 a factor of 14?
True
Does 46 divide 4308?
False
Does 44 divide 8316?
True
Is 14 a factor of 80934?
True
Is 71 a multiple of 71?
True
Does 26 divide 477?
False
Does 95 divide 4390?
False
Is 251 a multiple of 32?
False
Is 396 a multiple of 12?
True
Is 2277 a multiple of 23?
True
Does 80 divide 960?
True
Is 19 a factor of 6650?
True
Is 17640 a multiple of 12?
True
Is 5 a factor of 408?
False
Does 152 divide 11152?
False
Is 258 a multiple of 8?
False
Does 20 divide 4345?
False
Does 71 divide 20289?
False
Is 39 a factor of 431?
False
Does 19 divide 15227?
False
Is 135 a multiple of 4?
False
Is 63 a factor of 13005?
False
Is 451 a multiple of 11?
True
Is 420 a multiple of 20?
True
Is 3 a factor of 949?
False
Is 77832 a multiple of 46?
True
Is 17 a factor of 85?
True
Is 18 a factor of 63460?
False
Is 217 a multiple of 31?
True
Is 710 even?
True
Is 120 a factor of 20640?
True
Does 39 divide 922?
False
Is 131 a factor of 28946?
False
Is 3186 a multiple of 13?
False
Is 706 a multiple of 28?
False
Is 351 a multiple of 41?
False
Does 34 divide 1548?
False
Does 112 divide 7099?
False
Does 43 divide 7083?
False
Does 112 divide 10976?
True
Is 29 a factor of 4025?
False
Is 122 a multiple of 84?
False
Is 936 even?
True
Does 46 divide 6584?
False
Does 84 divide 2520?
True
Does 17 divide 1587?
False
Is 46 a factor of 690?
True
Is 3150 a multiple of 21?
True
Does 47 divide 1504?
True
Is 623 a multiple of 7?
True
Is 1165 a multiple of 55?
False
Is 983 a multiple of 10?
False
Is 20923 a multiple of 17?
False
Is 6134 a multiple of 199?
False
Is 23993 a multiple of 29?
False
Is 1029 a multiple of 49?
True
Is 247 a factor of 64493?
False
Is 1165 even?
False
Is 9 a factor of 936?
True
Does 8 divide 452?
False
Is 14 a factor of 669?
False
Is 1365 a multiple of 13?
True
Is 3610 a multiple of 95?
True
Does 66 divide 1156?
False
Is 15 a factor of 492?
False
Does 28 divide 7987?
False
Is 4981 a multiple of 16?
False
Does 80 divide 560?
True
Is 1708 a multiple of 15?
False
Is 638 a multiple of 29?
True
Is 38619 a multiple of 9?
True
Is 12 a factor of 7779?
False
Is 5 a factor of 125?
True
Does 47 divide 2002?
False
Does 19 divide 436?
False
Is 58 a factor of 7598?
True
Is 30 a factor of 4447?
False
Does 9 divide 148?
False
Is 18 a factor of 2304?
True
Does 79 divide 6320?
True
Is 709 a multiple of 11?
False
Is 19 a factor of 874?
True
Is 73 a factor of 105372?
False
Does 13 divide 2028?
True
Does 24 divide 3288?
True
Is 30 a factor of 60?
True
Does 4 divide 713?
False
Is 252 a multiple of 14?
True
Does 121 divide 15425?
False
Is 16674 a multiple of 6?
True
Is 976 a multiple of 7?
False
Does 29 divide 22301?
True
Is 216 a multiple of 8?
True
Is 20 a factor of 20?
True
Does 31 divide 21265?
False
Does 101 divide 3894?
False
Does 8 divide 1272?
True
Is 2420 a multiple of 20?
True
Is 54 a factor of 10260?
True
Is 217 a multiple of 7?
True
Is 21637 a multiple of 77?
True
Does 200 divide 7895?
False
Is 3147 a multiple of 13?
False
Is 1860 a multiple of 62?
True
Does 12 divide 13967?
False
Does 50 divide 7350?
True
Does 14 divide 2248?
False
Does 5 divide 55?
True
Is 26 a factor of 45669?
False
Is 1105 a multiple of 65?
True
Does 51 divide 19839?
True
Is 26285 a multiple of 132?
False
Does 102 divide 5202?
True
Is 117 a multiple of 13?
True
Is 13 a factor of 169?
True
Is 2964 a multiple of 38?
True
Is 9272 a multiple of 29?
False
Does 4 divide 11762?
False
Does 9 divide 36?
True
Does 5 divide 104?
False
Is 4 a factor of 632?
True
Does 9 divide 2403?
True
Does 15 divide 300?
True
Is 174 a multiple of 6?
True
Does 12 divide 1067?
False
Is 36 a factor of 108?
True
Is 15 a factor of 47774?
False
Is 64 a factor of 320?
True
Is 907 a multiple of 18?
False
Is 3 a factor of 72?
True
Does 28 divide 1260?
True
Does 5 divide 255?
True
Does 9 divide 5649?
False
Is 80 a factor of 240?
True
Is 6 a factor of 338?
False
Is 13 a factor of 1079?
True
Is 18 a factor of 130?
False
Is 603 a multiple of 15?
False
Is 2819 a multiple of 43?
False
Does 36 divide 55656?
True
Does 212 divide 39677?
False
Is 1624 a multiple of 28?
True
Is 10 a factor of 20930?
True
Is 1404 a multiple of 9?
True
Is 2195 a multiple of 23?
False
Is 5004 a multiple of 5?
False
Is 21 a factor of 9954?
True
Is 1281 a multiple of 7?
True
Is 360 a multiple of 10?
True
Does 11 divide 966?
False
Is 2130 a multiple of 71?
True
Is 12 a factor of 1117?
False
Is 37 a factor of 79?
False
Is 1275 a multiple of 75?
True
Does 16 divide 720?
True
Does 21 divide 1336?
False
Is 5 a factor of 3084?
False
Is 23 a factor of 8131?
False
Is 9625 a multiple of 25?
True
Does 51 divide 2083?
False
Is 1747 a multiple of 11?
False
Is 133 a factor of 13699?
True
Is 2 a factor of 1063?
False
Is 33520 a multiple of 10?
True
Is 148 a factor of 41364?
False
Does 5 divide 1847?
False
Is 27 a factor of 12312?
True
Does 33 divide 1320?
True
Does 21 divide 7315?
False
Does 39 divide 11583?
True
Is 100 a factor of 2722?
False
Is 89623 a multiple of 19?
True
Does 99 divide 6159?
False
Is 128 a factor of 8576?
True
Is 10888 a multiple of 98?
False
Does 17 divide 11231?
False
Is 210 a multiple of 7?
True
Is 280 a multiple of 20?
True
Is 1165 a multiple of 233?
True
Is 145 a factor of 23780?
True
Does 25 divide 21013?
False
Is 13 a factor of 34060?
True
Does 27 divide 658?
False
Is 16611 a multiple of 182?
False
Does 233 divide 161935?
True
Does 18 divide 1584?
True
Is 2282 a multiple of 14?
True
Is 5940 a multiple of 27?
True
Does 42 divide 1816?
False
Does 2 divide 82?
True
Does 9 divide 14733?
True
Does 40 divide 2440?
True
Does 3 divide 416?
False
Does 189 divide 11340?
True
Is 95030 a multiple of 26?
True
Is 1914 a multiple of 33?
True
Does 27 divide 45900?
True
Is 2650 a multiple of 25?
True
Does 277 divide 40719?
True
Is 35 a factor of 9336?
False
Does 10 divide 432?
False
Does 20 divide 220?
True
Is 20 a factor of 5860?
True
Is 19500 a multiple of 20?
True
Is 16 a factor of 2017?
False
Is 14 a factor of 4452?
True
Does 23 divide 184?
True
Is 148 a factor of 2402?
False
Does 14 divide 1818?
False
Does 8 divide 3311?
False
Is 67 a factor of 3618?
True
Does 4 divide 18?
False
Is 9 a factor of 1332?
True
Does 146 divide 4526?
True
Does 10 divide 3987?
False
Does 8 divide 18306?
False
Does 21 divide 25288?
False
Does 94 divide 36660?
True
Is 14 a factor of 1911?
False
Does 95 divide 3819?
False
Does 9 di